common factor of 138 and 2202?
6
Calculate the highest common divisor of 89437 and 17.
17
Calculate the greatest common factor of 423 and 103541.
47
Calculate the highest common factor of 122 and 35807.
61
What is the highest common divisor of 2709511 and 119?
119
What is the greatest common factor of 806788 and 1212?
404
What is the highest common divisor of 105 and 1534974?
21
What is the highest common divisor of 24596 and 110?
22
Calculate the highest common factor of 47 and 151857.
47
Calculate the greatest common divisor of 12 and 238464.
12
What is the greatest common factor of 1421 and 19691?
203
What is the greatest common divisor of 15577 and 3368?
421
What is the greatest common divisor of 18067924 and 1652?
1652
Calculate the highest common factor of 102157 and 25853.
251
Calculate the highest common factor of 17605380 and 39.
39
Calculate the highest common factor of 286 and 69718.
22
What is the greatest common divisor of 66140 and 130?
10
Calculate the highest common divisor of 25212 and 16617.
573
What is the highest common factor of 422 and 14?
2
What is the greatest common divisor of 24 and 4498476?
12
What is the greatest common divisor of 12342 and 155958?
1122
What is the greatest common factor of 5988 and 10?
2
What is the highest common factor of 458341 and 26?
13
What is the highest common factor of 60762 and 328?
82
Calculate the highest common factor of 4770 and 148347.
477
Calculate the greatest common divisor of 568512 and 8272.
752
Calculate the greatest common divisor of 9408 and 496.
16
Calculate the highest common divisor of 310 and 94426.
62
Calculate the highest common divisor of 33 and 349536.
33
What is the greatest common divisor of 8 and 942964?
4
Calculate the highest common factor of 243246 and 426.
426
What is the highest common factor of 20611 and 1?
1
Calculate the highest common divisor of 191 and 18527.
191
Calculate the highest common factor of 16016 and 32912.
176
Calculate the highest common divisor of 16 and 14378.
2
What is the highest common divisor of 48 and 127668?
12
Calculate the highest common divisor of 3645 and 333.
9
What is the highest common factor of 69071 and 2312?
289
What is the highest common factor of 749 and 151?
1
Calculate the highest common divisor of 370 and 1608760.
370
What is the greatest common divisor of 8346 and 410238?
642
What is the highest common factor of 110285 and 23?
23
What is the highest common factor of 87 and 95073?
3
Calculate the highest common divisor of 2450 and 4256140.
490
What is the highest common divisor of 11 and 280654?
11
Calculate the highest common factor of 16399 and 9579.
31
What is the highest common factor of 5445 and 8415?
495
Calculate the greatest common factor of 10383 and 36.
3
What is the highest common factor of 441657 and 558?
279
What is the greatest common divisor of 231 and 29029?
77
What is the greatest common factor of 142 and 11502?
142
What is the highest common divisor of 36112 and 370?
74
What is the highest common divisor of 4144 and 1456?
112
What is the greatest common divisor of 1410 and 169294?
94
What is the highest common factor of 108 and 141408?
36
Calculate the highest common factor of 960 and 4815.
15
What is the highest common divisor of 100575 and 555?
15
Calculate the greatest common divisor of 17792 and 128.
128
Calculate the greatest common divisor of 7597 and 42479.
107
What is the highest common divisor of 4998 and 25500?
102
Calculate the greatest common factor of 53066 and 676.
338
Calculate the greatest common factor of 1276 and 216282.
638
What is the greatest common divisor of 39195 and 9360?
585
What is the highest common factor of 5612 and 414?
46
What is the highest common factor of 12065 and 37829?
19
What is the greatest common factor of 9947 and 39179?
203
What is the highest common divisor of 65 and 934765?
65
What is the highest common factor of 94 and 694190?
94
Calculate the highest common divisor of 150 and 558075.
75
What is the greatest common divisor of 7767 and 154477?
863
Calculate the greatest common divisor of 484 and 204.
4
What is the highest common divisor of 9555 and 538755?
735
Calculate the highest common factor of 4315 and 10.
5
What is the greatest common divisor of 1542943 and 67?
67
What is the greatest common factor of 2954 and 6541?
211
What is the greatest common factor of 68411 and 464?
29
What is the highest common factor of 11154 and 462?
66
Calculate the highest common factor of 6996040 and 80.
40
Calculate the greatest common factor of 847 and 16016.
77
Calculate the highest common factor of 240119 and 528.
11
Calculate the greatest common factor of 1242 and 1196.
46
Calculate the highest common factor of 53539 and 148.
37
Calculate the greatest common factor of 1794 and 9204.
78
Calculate the highest common factor of 3596680 and 40.
40
What is the greatest common factor of 42 and 237328?
14
What is the highest common divisor of 44 and 75736?
4
Calculate the highest common divisor of 967095 and 12.
3
Calculate the highest common factor of 20 and 1961030.
10
What is the highest common factor of 42553 and 1477?
7
Calculate the highest common divisor of 5 and 849915.
5
Calculate the greatest common factor of 552 and 116656.
184
Calculate the greatest common factor of 284405 and 176.
11
Calculate the greatest common factor of 22325 and 141.
47
Calculate the highest common divisor of 2860 and 115.
5
What is the greatest common factor of 11 and 413875?
11
Calculate the highest common divisor of 8207 and 725.
29
What is the highest common divisor of 89662 and 8472?
706
What is the greatest common factor of 127634 and 26?
26
Calculate the highest common factor of 711 and 13293.
9
Calculate the greatest common factor of 284 and 34.
2
What is the highest common divisor of 38 and 3238227?
19
Calculate the highest common factor of 246374 and 846.
94
Calculate the highest common divisor of 4795 and 35620.
685
What is the highest common factor of 22241 and 1934?
967
Calculate the greatest common divisor of 22046 and 302.
302
Calculate the greatest common divisor of 665 and 23465.
95
What is the greatest common factor of 7110 and 11771?
79
Calculate the highest common factor of 59205 and 195.
15
What is the greatest common divisor of 25 and 50545?
5
What is the highest common divisor of 33558 and 51?
51
Calculate the highest common divisor of 40 and 2696.
8
Calculate the greatest common factor of 798 and 310156.
266
Calculate the highest common divisor of 603400 and 56.
56
What is the greatest common divisor of 2304 and 76842?
18
What is the greatest common divisor of 6903 and 117?
117
What is the highest common divisor of 10 and 2063350?
10
Calculate the greatest common factor of 280 and 44632.
56
Calculate the greatest common factor of 9110800 and 800.
400
What is the highest common divisor of 28 and 5425?
7
What is the highest common divisor of 148 and 556?
4
Calculate the greatest common factor of 1053 and 1911.
39
Calculate the greatest common factor of 42721 and 1581.
17
Calculate the greatest common factor of 836 and 1661.
11
Calculate the greatest common divisor of 8 and 94010.
2
Calculate the greatest common divisor of 4928060 and 20.
20
Calculate the greatest common divisor of 13992 and 1590.
318
What is the greatest common divisor of 18 and 441981?
9
Calculate the greatest common factor of 636 and 408.
12
Calculate the highest common divisor of 1062512 and 88.
88
What is the highest common divisor of 5892 and 10891362?
2946
What is the greatest common factor of 141695 and 85?
85
Calculate the highest common factor of 1142823 and 33.
33
What is the greatest common factor of 1782 and 1854?
18
Calculate the greatest common divisor of 100 and 2141600.
100
Calculate the greatest common divisor of 7464 and 27679.
311
What is the greatest common divisor of 8964 and 108?
108
What is the highest common divisor of 1661115 and 41?
41
What is the highest common divisor of 7710 and 3645?
15
What is the greatest common factor of 51 and 241519?
17
What is the highest common divisor of 115 and 8280?
115
Calculate the greatest common factor of 2585 and 40937.
47
Calculate the highest common divisor of 497 and 31027.
71
What is the highest common divisor of 103776 and 192?
96
Cal